11, 59, 523
List the prime factors of 995165937.
3, 31, 257, 13879
List the prime factors of 101136945.
3, 5, 7, 13, 74093
List the prime factors of 83112169.
7, 193, 61519
What are the prime factors of 1110402760?
2, 5, 43, 645583
List the prime factors of 304624710.
2, 3, 5, 13, 260363
List the prime factors of 99019058.
2, 49509529
List the prime factors of 2697736775.
5, 3613, 29867
List the prime factors of 58310628.
2, 3, 31, 156749
List the prime factors of 1635432158.
2, 23, 43, 826811
List the prime factors of 262850765.
5, 347, 151499
List the prime factors of 74264731.
5861, 12671
List the prime factors of 5934318873.
3, 7, 282586613
What are the prime factors of 91889355?
3, 5, 6125957
List the prime factors of 222958117.
1237, 180241
What are the prime factors of 106297129?
1013, 104933
List the prime factors of 970118025.
3, 5, 79, 163733
What are the prime factors of 31747782?
2, 3, 11, 31, 59, 263
What are the prime factors of 681198350?
2, 5, 7, 1946281
List the prime factors of 641287984.
2, 109, 367711
List the prime factors of 47135208.
2, 3, 29, 67723
List the prime factors of 14762744.
2, 59, 31277
What are the prime factors of 256292487?
3, 11, 67, 38639
List the prime factors of 22890279.
3, 17, 448829
What are the prime factors of 162613457?
19, 8558603
List the prime factors of 43844723.
13, 19, 29, 6121
What are the prime factors of 111784466?
2, 4019, 13907
List the prime factors of 302968934.
2, 17, 331, 26921
List the prime factors of 91641298.
2, 7, 263, 24889
What are the prime factors of 1176310655?
5, 13, 31, 583777
List the prime factors of 668609979.
3, 222869993
What are the prime factors of 2005237524?
2, 3, 1427, 117101
What are the prime factors of 672312680?
2, 5, 13, 499, 2591
List the prime factors of 12160209.
3, 19, 213337
List the prime factors of 579287299.
579287299
List the prime factors of 160119568.
2, 7, 127, 11257
What are the prime factors of 18831190?
2, 5, 7, 38431
List the prime factors of 247040743.
247040743
List the prime factors of 1967628696.
2, 3, 11, 587, 12697
What are the prime factors of 44136582?
2, 3, 7, 19, 41, 71
List the prime factors of 583931126.
2, 291965563
What are the prime factors of 4859081?
4859081
What are the prime factors of 324768547?
1019, 318713
What are the prime factors of 27636551?
27636551
What are the prime factors of 752646407?
83, 9068029
List the prime factors of 1055325992.
2, 7, 18845107
What are the prime factors of 4374255221?
7, 19, 59, 557443
List the prime factors of 2234403273.
3, 744801091
What are the prime factors of 55391075?
5, 109, 20327
What are the prime factors of 425908006?
2, 212954003
List the prime factors of 1002686536.
2, 73, 439, 3911
What are the prime factors of 251011834?
2, 17, 23, 199, 1613
List the prime factors of 412054073.
412054073
What are the prime factors of 5622050?
2, 5, 7, 16063
What are the prime factors of 4172668503?
3, 21061, 66041
What are the prime factors of 2741666590?
2, 5, 13, 1483, 14221
List the prime factors of 64801687.
31, 211, 9907
List the prime factors of 31219827.
3, 10406609
What are the prime factors of 1596622361?
1033, 1545617
List the prime factors of 39816518.
2, 7, 541, 751
What are the prime factors of 880293575?
5, 7, 17, 41, 1031
List the prime factors of 69727189.
7, 97, 103, 997
What are the prime factors of 132757284?
2, 3, 11, 17, 67, 883
List the prime factors of 83835399.
3, 181, 853
What are the prime factors of 87191322?
2, 3, 14531887
List the prime factors of 54204448.
2, 1693889
What are the prime factors of 3464604805?
5, 7523, 92107
List the prime factors of 444317901.
3, 3301, 44867
What are the prime factors of 400655267?
137, 2924491
What are the prime factors of 21245529?
3, 17, 416579
List the prime factors of 5572919.
11, 506629
List the prime factors of 1266345472.
2, 7, 353333
What are the prime factors of 672306441?
3, 103, 109, 19961
What are the prime factors of 117925410?
2, 3, 5, 199, 19753
What are the prime factors of 4232333654?
2, 103, 20545309
What are the prime factors of 218050099?
19, 281, 40841
What are the prime factors of 979616931?
3, 326538977
List the prime factors of 2709306128.
2, 5881, 28793
List the prime factors of 17686677.
3, 5895559
List the prime factors of 58746583.
7, 2689, 3121
What are the prime factors of 153040105?
5, 29, 863, 1223
List the prime factors of 2823270.
2, 3, 5, 94109
What are the prime factors of 72552203?
19, 3818537
List the prime factors of 282950099.
282950099
List the prime factors of 665267125.
5, 131, 40627
List the prime factors of 225175948.
2, 17, 3311411
What are the prime factors of 13541905?
5, 13, 208337
What are the prime factors of 45245276?
2, 11311319
List the prime factors of 1636678018.
2, 139, 1609, 3659
List the prime factors of 316751914.
2, 158375957
What are the prime factors of 53810038?
2, 137, 196387
List the prime factors of 3602035037.
23, 109, 283, 5077
List the prime factors of 393225108.
2, 3, 32768759
List the prime factors of 102263409.
3, 101, 112501
What are the prime factors of 657532992?
2, 3, 3424651
List the prime factors of 51242350.
2, 5, 73, 101, 139
List the prime factors of 182137345.
5, 13, 23, 5297
What are the prime factors of 1686678910?
2, 5, 7, 41, 587693
List the prime factors of 25842929.
7, 3691847
List the prime factors of 260014698.
2, 3, 1605029
What are the prime factors of 17766113?
17766113
What are the prime factors of 14071666?
2, 7, 19, 52901
List the prime factors of 43998058.
2, 13, 1692233
List the prime factors of 44738905.
5, 311, 28771
List the prime factors of 4340218526.
2, 7, 19, 858769
List the prime factors of 143066566.
2, 2477, 28879
What are the prime factors of 113566465?
5, 29, 73, 10729
What are the prime factors of 15761699?
733, 21503
List the prime factors of 28911638.
2, 7, 2065117
What are the prime factors of 8828608100?
2, 5, 13, 797, 8521
What are the prime factors of 1400757109?
17, 23, 3582499
List the prime factors of 599229549.
3, 17, 1305511
What are the prime factors of 1613062426?
2, 41, 19671493
List the prime factors of 58877342.
2, 139, 211789
List the prime factors of 249903588.
2, 3, 11, 1893209
What are the prime factors of 5294685?
3, 5, 11, 32089
What are the prime factors of 34558606?
2, 19, 909437
List the prime factors of 175671175.
5, 7026847
What are the prime factors of 890978866?
2, 53, 8405461
List the prime factors of 464951317.
239, 1945403
What are the prime factors of 1742675?
5, 11, 6337
What are the prime factors of 498066505?
5, 99613301
What are the prime factors of 120264024?
2, 3, 5011001
List the prime factors of 301880916.
2, 3, 8385581
List the prime factors of 153030614.
2, 11, 41, 169657
What are the prime factors of 359674285?
5, 71, 73, 13879
List the prime factors of 312886195.
5, 62577239
What are the prime factors of 4557110807?
619, 751, 9803
List the prime factors of 54378962.
2, 11, 1249, 1979
What are the prime factors of 1401374977?
1401374977
What are the prime factors of 695423224?
2, 86927903
List the prime factors of 31444410.
2, 3, 5, 29, 47, 769
What are the prime factors of 239531231?
67, 3575093
What are the prime factors of 107695895?
5, 19, 1133641
List the prime factors of 112224260.
2, 5, 19, 227, 1301
List the prime factors of 923074859.
7, 2111, 62467
What are the prime factors of 902728274?
2, 7, 9211513
What are the prime factors of 57421019?
17, 251, 13457
List the prime factors of 3235561080.
2, 3, 5, 26963009
What are the prime factors of 2272786419?
3, 10657, 71089
List the prime factors of 415233148.
2, 11, 9437117
List the prime factors of 57361612.
2, 7, 11, 186239
List the prime factors of 1659366530.
2, 5, 61, 2720273
What are the prime factors of 181872947?
479, 379693
List the prime factors of 465851847.
3, 1913, 81173
What are the prime factors of 2173209520?
2, 5, 27165119
What are the prime factors of 117420797?
13, 29, 59, 5279
What are the prime factors of 381350468?
2, 31, 3075407
List the prime factors of 82780474.
2, 7, 439, 13469
What are the prime factors of 69875102?
2, 11, 971, 3271
List the prime factors of 1215371533.
1215371533
What are the prime factors of 29586621?
3, 9862207
What are the prime factors of 1047475110?
2, 3, 5, 11, 31